factors of q?
3
Let v = 187 - 269. Let b = v + 137. List the prime factors of b.
5, 11
Let y be 2/9 - 18/81 - -3. Suppose y*q - 186 = q. What are the prime factors of q?
3, 31
Let j(f) = 17*f**2. Let i be (-3)/(1 - -2)*-5. Let k = -6 + i. List the prime factors of j(k).
17
Suppose 4*r - 5*r = -t - 169, 0 = -3*r - 5*t + 483. What are the prime factors of r?
2, 83
Let w(q) = -q**3 + 15*q**2 + 12*q - 10. What are the prime factors of w(14)?
2, 3, 59
Suppose 0 = -6*t + 7*t. Suppose t = -2*g - g + 141. Let f = g - 32. What are the prime factors of f?
3, 5
Let h = 17 - 8. Let r(o) = -o**2 + 9*o + 3. Let i be r(h). List the prime factors of 45/(-3)*(-1)/i.
5
Let c(a) = 2*a**2 + a - 3. Suppose -33 = -3*u - 0*u. Suppose -13*x - 4 = -u*x. List the prime factors of c(x).
3
Suppose 2 + 18 = 3*z + d, 5*d - 35 = -2*z. Suppose -7*l + z*l = -128. What are the prime factors of l*-4*(-2)/16?
2
Suppose -5*l - 3*x + 173 = -x, -4*l - x = -139. List the prime factors of l.
5, 7
Let d = 28 - 18. What are the prime factors of (1 - 7)*(-5)/d?
3
Let g = 139 - 79. Suppose -c = 4*c - g. What are the prime factors of -9*2*c/(-8)?
3
Suppose -8*m + 1236 + 1036 = 0. What are the prime factors of m?
2, 71
Suppose -504 = 3*x + 2*t - 1646, -x + 2*t = -386. Let k = 673 - x. List the prime factors of k.
3, 97
Let l = 16 - 16. Suppose 3*p = p - 2*y - 12, l = -p + y - 2. What are the prime factors of 21/(p/(-2) - 1)?
3, 7
Let f(j) = -123*j - 30. List the prime factors of f(-5).
3, 5, 13
Let i = -1779 + 3438. List the prime factors of i.
3, 7, 79
Suppose g - 10 = -4*g. What are the prime factors of -4 + 1 + (33 - g)?
2, 7
Suppose -m = a - 55, a + 3*m + 183 = 4*a. Suppose 99 = 4*i - 3*d, -4*i + 5*d + a = -35. What are the prime factors of i?
3
Suppose 9*d - 5*d = 0. Suppose s - 2*s + 15 = d. What are the prime factors of 1*s + (-3 - -1)?
13
Let s be (24/(-20))/(((-81)/(-30))/(-9)). Let m be 34/(-3)*(-6)/(-2). Let u = s - m. List the prime factors of u.
2, 19
Suppose 0 = -28*u + 309 + 587. What are the prime factors of u?
2
Let v be ((-16)/(2 - 0))/((-2)/31). Suppose 0 = -6*r + 494 + v. List the prime factors of r.
103
Suppose -r - 6 = -14. Suppose 4*b - 52 = r*b. Let f = b - -26. What are the prime factors of f?
13
Suppose -5*x - 539 = -2*v, 23*v - 25*v + x + 519 = 0. What are the prime factors of v?
257
Suppose 0 = -4*a + 5*a + 6. Let m be 1 + 31 - a/6. Suppose -2*j + x - 3 = -79, -3*x = -j + m. List the prime factors of j.
3, 13
Let m(y) = -1632*y - 55. What are the prime factors of m(-1)?
19, 83
Let w(t) = t**3 - 2*t**2 + t + 1. Let n be w(2). Suppose -n*j + 488 = 5*j. List the prime factors of j.
61
Suppose 0 = -11*t + 214 - 808. What are the prime factors of (-1 - 1)*7317/t?
271
Let z = -9 + 7. What are the prime factors of (-10*(-42)/(-49))/(z/21)?
2, 3, 5
Suppose -2*j + 5*w = 17, -w = -2*j - 0*w + 3. Suppose 16 = j*m - 0*m. What are the prime factors of 15/3 + (m - 1)?
2
Suppose -2*q - 25 = -7*q + 5*c, 4*q + 20 = -4*c. List the prime factors of q + (6/(-9) - (-17)/3).
5
Let g(o) = 5*o - 4*o + 19 + 2*o. Let n be g(8). Suppose -29 + 9 = -4*c, -n = -3*l - 2*c. List the prime factors of l.
11
Suppose -4*g = 28*g - 35168. What are the prime factors of g?
7, 157
Let v(i) = i**2 - 1. Let d be v(2). Let w(m) = 6 + 10*m**3 - 9*m**3 - 2*m**2 + 0*m - d*m. What are the prime factors of w(4)?
2, 13
Let j be ((-57)/95)/(1/5). List the prime factors of (-28 - 0)/(j/6).
2, 7
Let t be 6/6 + (-1)/(-1). Suppose 2*q - t*y - 158 = 2*y, -3*y = 0. List the prime factors of q.
79
Let k(l) = 35*l**2 + 3*l - 19. Let x(q) = -17*q**2 - 2*q + 9. Let g(p) = 4*k(p) + 7*x(p). What are the prime factors of g(-3)?
2, 7, 13
Let d be -4*(3/(-2) + 1). Let v = 41 + -26. Let w = d + v. What are the prime factors of w?
17
Suppose 2*f - 5 = 5. List the prime factors of f.
5
Suppose 2*n + 0*n = 10. Suppose 0 = 5*j - n*z - 10, -2*j + 4 + 0 = -3*z. What are the prime factors of j?
2
Suppose 73*q = 79*q - 3738. What are the prime factors of q?
7, 89
Suppose -4*v + 20 = 3*b, b - v - 2 = -0*v. Let z = b - 18. Let c = z + 23. List the prime factors of c.
3
Let u(v) be the first derivative of v**2 + 9*v - 3. List the prime factors of u(6).
3, 7
Let q = 7696 - 5060. List the prime factors of q.
2, 659
Let q = -88 - -106. Suppose 2380 = -q*w + 25*w. What are the prime factors of w?
2, 5, 17
Let p(y) = -7*y**3 - 2*y. Let f be p(2). Let t be (f/(-5))/((-6)/(-20)). Suppose 3*m + c = m + 43, -2*c + t = 2*m. List the prime factors of m.
23
What are the prime factors of (6 + (-28)/5)/(5/2100)?
2, 3, 7
Let y = 286 - 58. List the prime factors of y.
2, 3, 19
List the prime factors of 2187/(-108)*124*1/(-1).
3, 31
Let i(q) = -q**3 + q**2 - q + 1. Let u be i(1). Let z be 2 + -5 + u + 11. Suppose z*o = 12*o - 28. What are the prime factors of o?
7
Suppose 2*n - 8 = 0, -5*b = -4*b - n. Suppose -4*p + 3*z = -243, -b*p + 5*z + 368 = 123. What are the prime factors of p?
2, 3, 5
Let w be ((-3)/1)/((-4)/4). Let u(h) = -h**3 + 12*h**2 + h - 8. Let m be u(12). Suppose -16 = -4*x, -m*d = -x - w*x - 20. What are the prime factors of d?
3
Let v be (-18 - -12)/((2 - 1)*-1). Suppose -6*m - v + 66 = 0. What are the prime factors of m?
2, 5
Suppose 59*l - 61*l + 1034 = 0. What are the prime factors of l?
11, 47
Let g = 10 + 88. Suppose -97 = -a - 5*i, 0 = -2*a - 5*i + 71 + g. Let c = a - 47. What are the prime factors of c?
5
Suppose -1 = -d, 0 = -2*i + 4*d + d - 21. Let p be 0 - (i + 0)/4. Suppose -y = p*y - 33. List the prime factors of y.
11
Let c be 21/4 - 5/20. Let n(u) = -u**3 + 6*u**2 - 4*u + 5. Let b be n(c). Suppose 0 = -0*k - 2*k + b. List the prime factors of k.
5
Let w be ((-16376)/(-22))/(-2) + 14/77. What are the prime factors of (w/30)/(3/(-15))?
2, 31
Suppose -6*w + 49 = -5495. What are the prime factors of w?
2, 3, 7, 11
Suppose 2*p + 2*p = 36. Let z = p - -254. List the prime factors of z.
263
Let h = -13 - -4. Let x = -19 - h. Let r = 28 + x. List the prime factors of r.
2, 3
Let s = 3017 - 2082. List the prime factors of s.
5, 11, 17
Let s(u) = -u**2 - u + 24. Let x be s(0). Let d = x - -8. What are the prime factors of d + 2/1*2?
2, 3
Let v(a) = -2920*a + 117. What are the prime factors of v(-2)?
7, 23, 37
Let r = 128 + -117. Suppose 0*d = -r*d + 2431. List the prime factors of d.
13, 17
Let k = -5 - -1. Let n = 9 + k. Suppose 0 = 5*x - n*o - 65, o = -o + 4. What are the prime factors of x?
3, 5
Suppose -2*l + 0*l = 4*x - 786, -3*l - x + 1154 = 0. Let i = -231 + l. What are the prime factors of i?
2, 19
Let b(h) = h**3 + 2*h**2 - 4*h + 1. Let j be b(-6). What are the prime factors of 4 + -3 + 2 + -1 - j?
11
Let y = -3767 - -8685. What are the prime factors of y?
2, 2459
Suppose m = -0*m + r + 25, -4*r + 32 = 2*m. Suppose 24*n - m*n = 268. List the prime factors of n.
2, 67
Suppose 3*u - 33 = 9. What are the prime factors of u?
2, 7
Let p = -247 - -926. List the prime factors of p.
7, 97
Suppose 7 = 4*c - 9. Let x be 0/1*c/8. Let m(t) = t + 12. What are the prime factors of m(x)?
2, 3
Let h = 40 + 2483. What are the prime factors of h?
3, 29
Suppose 220*u - 216*u = 3516. List the prime factors of u.
3, 293
Suppose -5*y + 734 = 289. Let h = -128 + y. Let u = h + 65. List the prime factors of u.
2, 13
Let z(u) = u**2 - 6*u + 11. Let g be z(5). What are the prime factors of (-1022)/(-42) + (-2)/g?
2, 3
Let m = 1692 + 93. What are the prime factors of m?
3, 5, 7, 17
Let q(x) = -x**3 - 2*x**2 + 5*x - 5. Let c be q(-5). Suppose -c + 258 = 3*k. Let n = k + -35. What are the prime factors of n?
2, 3
Suppose 3282 = 9*n + 222. List the prime factors of n.
2, 5, 17
Suppose -4*w + 4*u + 52 = 0, -4*u - 38 - 2 = -3*w. Suppose 5*p + 4*o - 199 = -41, -2*p - o = -62. Let m = p - w. What are the prime factors of m?
2, 3
Suppose w + 2*d = -2*w + 3, 0 = -2*w - 4*d + 10. Let q be 5 + -6 + (-3)/w. Suppose -q*y = -3*y + 46. What are the prime factors of y?
2, 23
Let s(x) = -2*x - 72. Let z be s(0). Let w = 14 - z. List the prime factors of w.
2, 43
Suppose 2*q = 186 + 178. Let d = q + -115. What are the prime factors of d?
67
Let k be -10*(-3)/(-6)*(-504)/10. What are the prime factors of (k/16)/(29/(-16) - -2)?
2, 3, 7
Suppose -5*k + x + 159 + 543 = 0, -4*k - 3*x + 554 = 0. What are the prime factors of k?
2, 5, 7
Let u be 1 + 5*(-1)/(-1). Let q(c)